ive of -1/2*z**2 + 0*z**4 + 1/10*z**5 + 1/6*z**3 + 7*z + 0. Is i(4) composite?
False
Let w(s) = 2*s**3 - 2*s**2 - 65*s - 5. Is w(8) prime?
False
Let v(p) = p**3 - 2*p**2 - p - 3. Let g be v(3). Let i = 49 + 562. Suppose k - 4*b = 295, 2*k = g*b - 2*b + i. Is k a composite number?
False
Let n(y) = -y**3 - 2*y**2 + y + 1. Let x be n(-3). Let v be -2 - (-3 - -2)*2. Is (v - 0 - -1)*x prime?
True
Suppose -39 = -3*m + 4*i, -4*m - 2*i + 27 = i. Suppose 6*q - m*q = -177. Is q composite?
False
Suppose -13904 = 12*t - 28*t. Is t composite?
True
Suppose -3*u = -4*d + 23345 + 60906, 2*d - 42108 = -2*u. Is d prime?
True
Let s = 13953 + -6378. Let y = -3163 + s. Let w = y - 2019. Is w a prime number?
True
Suppose n - 7 = -7. Let t(q) = -2*q + 79. Is t(n) a prime number?
True
Let z be 28/(-266) - 4/(-38). Is z + (-28)/(4/(-1)) a composite number?
False
Suppose -7*n = -719 - 2. Let s = 268 + n. Is s composite?
True
Let i(u) = 5*u + 7. Let g be i(-3). Let s be -1*(g - -3)*1. Suppose 5*t = s*w - 1200, 2*t = -2*w + t + 477. Is w a composite number?
False
Suppose x - 5*v = -4*x - 5, -v = -5. Suppose x*y = 2*y + b + 362, 4*y + b = 724. Is y a composite number?
False
Suppose c + 1 - 5 = 0. Let u(d) be the third derivative of d**6/120 + d**5/12 - d**4/8 - 5*d**3/6 + 7*d**2. Is u(c) prime?
True
Let r(b) = -6*b**3 - 7*b**2 - 11*b + 7. Is r(-6) a composite number?
False
Let u = 44 + -109. Let j = u - -111. Is j prime?
False
Suppose -12122 = 27*z - 73331. Is z a prime number?
True
Let q(c) = -c**2 + 10*c - 11. Let x be q(8). Suppose -x*h = -9*h + 1524. Is h a composite number?
True
Suppose -344 = -3*h + 871. Let z = 166 - h. Let g = 382 + z. Is g prime?
False
Let o = -5986 + 11725. Is o a prime number?
False
Let r(m) = -m**3 - 14*m**2 + 31*m - 16. Let f be r(-16). Suppose -2*d + 2302 = -f*d. Is d composite?
False
Let n(i) = -i**2 - 2*i**2 + 6*i + 3*i**3 + 598 - 615. Is n(7) composite?
False
Let r be 2406/5 - (-4)/(-20). Suppose 36 = -w - 2*w. Is w/(-18) + r/3 prime?
False
Let r be 33/(-12) - (-6)/8. Let d(i) = -163*i + 5. Is d(r) prime?
True
Let i(y) = 3*y - 18. Let h be i(6). Is (4 + -2 - h) + 11 prime?
True
Let u = -35 - -41. Is (46/u)/((-1)/(-33)) prime?
False
Let r(k) be the second derivative of 11*k**4/3 - k**3/6 + 5*k**2/2 + 40*k. Is r(2) composite?
False
Let r be 28/4 + 0 + 1*-1. Suppose 0 = 9*x - r*x - 678. Is x a composite number?
True
Is 1317346/(-57)*(4 + 33/(-6)) composite?
False
Let t(f) = 2*f**3 - 5*f**2 + 10*f - 5. Let s be t(-11). Let p = s + 1370. Is (p/8 - 4)*-2 composite?
True
Is 1584240/2580 + (-2)/43 a prime number?
False
Let r be (1284/15)/((-1)/25). Let w = -1509 - r. Is w prime?
True
Let z(k) = -12 + 11 - 38*k + 1640*k. Is z(2) a composite number?
False
Suppose -12 = -4*o + 20. Suppose -3*w + o*w = -5*m + 1515, -2*w = -4*m + 1236. Is m composite?
False
Let n(z) = -z**3 - 3*z**2 - 2*z. Let x be n(-2). Suppose x = h - 5*h + 108. Is (-6)/h - (-1847)/9 prime?
False
Let q = -18 - -14. Let o be ((-28)/8 - q)*3174. Suppose -5*y - o = -8*y. Is y a prime number?
False
Let v = -9 - -6. Is -4 - (v/(-3) + -70) composite?
True
Suppose 3*k - 8*k = -1020. Let q be k/(-16)*16/(-6). Suppose -17 = -5*j + 4*c + q, j + 5*c = -13. Is j prime?
True
Suppose 0 = -3*l + 2*k + 12642 + 7387, -13356 = -2*l + 2*k. Is l prime?
True
Suppose -39*k - 201566 + 934259 = 0. Is k a composite number?
False
Let h be 75/9 - (-2)/(-6). Let z be (-45)/(-36) + 6/h. Suppose -z*d = -d - 166. Is d a composite number?
True
Suppose -4*o = -n - 50, 2*n + 0*o + 45 = -3*o. Is (-5685)/n*(1 - -1) a composite number?
False
Suppose w + 4 = 0, -r - w + 4203 = -3990. Is r a composite number?
True
Let o be (-80)/60*1*-3. Is (-4)/6*(-282)/o a prime number?
True
Let w = -24 - -26. Suppose w*i - 6*i = -24. Let b(x) = 53*x + 1. Is b(i) prime?
False
Let s = 729 - -452. Is s a composite number?
False
Let v(l) = l - 21. Let j be v(21). Suppose j = -11*u + 4800 + 8411. Is u prime?
True
Let c(n) = 625*n + 13. Is c(9) a prime number?
False
Let f(q) = 7*q**2 + 43*q + 9. Let t(v) = 3*v**2 + 21*v + 5. Let m(r) = -4*f(r) + 9*t(r). Let g be m(9). Suppose -g - 101 = -2*u. Is u a prime number?
False
Let j = -405 - -2378. Is j composite?
False
Let s(h) = h**3 + 9*h**2 + 14*h + 13. Let x = 18 - 24. Is s(x) a prime number?
True
Suppose -3*c = -0*c - 45. Suppose 0 = -2*y - y + c. Suppose -i + 1637 = y*k, -k + 5*i + 317 = -0*k. Is k a composite number?
True
Is (20/5)/(11/((-362945)/(-4))) a composite number?
True
Let d = -11 + 15. Suppose 52 = -d*n - 108. Let s = n - -251. Is s prime?
True
Suppose -3*s = -4*j + 155, 3*j = 4*s - 8*s + 85. Suppose 7*r - 112 = 3*r. Is (j/r)/((-2)/(-24)) prime?
False
Let c(v) = 604*v - 7. Is c(11) a composite number?
False
Suppose -18*k + 29611 = -12257. Is k composite?
True
Let l(v) = 8*v**2 - 13*v + 10. Suppose -5*d - 2*f = -35, 18 = 3*d + f - 4. Is l(d) a prime number?
True
Is 11/(((8/4)/(-422))/(-1)) prime?
False
Let a = -11474 + 21001. Is a composite?
True
Suppose 3*m - 4*d + 40 = m, 3*d + 35 = -5*m. Let x(a) = -a**3 - 4*a**2 - 9*a + 7. Is x(m) a prime number?
False
Suppose 5*z - 2507 = 3*l - 0*l, 4*z - 3*l - 2005 = 0. Is z prime?
False
Is ((-10771)/(-5))/((-48)/80)*-3 a prime number?
True
Let t(p) = 1 + 3*p**2 + 2 + 2*p + 1. Let d(j) = -j**3 - 2*j**2 - 11*j - 17. Let o be d(-2). Is t(o) a prime number?
True
Suppose -5071 = -u - 3*n, 4 = -n + 2. Is u prime?
True
Let g be 11/(-55) + 2112/10. Let p = g + -54. Is p prime?
True
Let d = -136 + 1494. Let u = -729 + d. Is u prime?
False
Suppose 0 = 51*l - 46*l - 5. Is (3 + (-4614)/(-4) + l)*2 a composite number?
True
Let r = 18 - 3. Let t(o) = 4*o + 34. Is t(r) composite?
True
Is ((-15)/(-45))/((-4)/(-169716)) prime?
True
Suppose 5*t + 2278 = 4*x, 3*t - t = -4*x + 2264. Suppose 4*j = -3*g - 2, -5*j + 2*j - 18 = 5*g. Is x - (-7 - g/2) prime?
True
Suppose 16*w - 95962 = -7658. Is w composite?
False
Let a = -100 - -1269. Is a a composite number?
True
Let d(r) = 2*r**3 - 3*r**2 - 11*r - 13. Is d(7) prime?
True
Suppose 6*n = -3*y + 2*n + 37, 2*y + 5*n = 20. Suppose -j - 3*r = j - 145, 5*r + y = 0. Is j composite?
True
Suppose -n + 4*n - 18 = 0. Suppose -3*j = -3 + n, -3*g + 3*j = 408. Let o = g + 292. Is o a prime number?
False
Suppose 0 = 8*r + 6*r + 56056. Let s = r + 5713. Is s prime?
True
Let h(w) = -17*w + 75*w - 101*w - 301*w - 5. Is h(-2) prime?
True
Suppose -138114 = -5*p + 42991. Is p a prime number?
False
Let g be 15*4/(-6)*(-3)/2. Suppose 0 = -4*z - k + 4969, 3*k = -2*k - g. Is z composite?
True
Let l(k) = 5*k**2 + 4*k + 7. Suppose -6*x + 121 = 19. Suppose -3 - x = -5*f. Is l(f) composite?
False
Let j(p) = 1378*p - 17. Is j(1) prime?
True
Let k be 3 - (31/3 + (-3)/9). Is k/(14/894)*(-17)/3 prime?
False
Suppose -7*i = -i - 24. Suppose -3*z + 555 = -2*r - r, 0 = 5*z - i*r - 929. Suppose 3*v - 310 = -5*q + 152, 3*v + z = 2*q. Is q composite?
True
Let g be 59 - (-2 - 2) - -5. Is (-1978)/(-6) + g/51 a prime number?
True
Is 5/15*1 - 25204/(-6) a prime number?
True
Suppose 551*g + 905 = 556*g. Is g prime?
True
Suppose -z = 2*w - 10, 4*z + 5*w + 2 = 30. Suppose 0 = -z*b + 4*s + 298, 4*b + 31 = 5*s + 618. Is b a composite number?
True
Let g(p) be the third derivative of 0 + 1/10*p**5 - 5/6*p**3 + 5*p**2 - 1/4*p**4 + 1/120*p**6 + 0*p. Is g(-6) prime?
True
Suppose 4*p + 16 + 56 = 0. Let r = 1101 - p. Is r a prime number?
False
Let h(n) = n + 32. Let p = 6 - 6. Let f be h(p). Is 2*(f - 12/4) composite?
True
Let u = 9 - 1. Suppose -2*d + u = 2*d. Suppose 4*x = n - 34, 0 = n - d*x + 19 - 53. Is n prime?
False
Let l(c) = c**2 + c. Let n be l(0). Suppose -2*g + 1 = -3*g, -5*s - 3*g + 12 = n. Suppose -447 = -s*d - 0*d. Is d a prime number?
True
Let q(b) = -1 + 4*b**3 - b**2 - b**2 - 2*b + 9*b. Let s be q(5). Let l = s - -147. Is l a prime number?
True
Let d = 128 - 126. Suppose p + d*c = 1691, -c + 3*c + 8467 = 5*p. Is p a prime number?
True
Suppose 14 = 3*l - 4*l. Let a = 32 + l. Is (420/a)/((-4)/(-6)) a prime number?
False
Let o = 14 - 9. Suppose o*d = 4*d + 1036. Is (6/12)/(2/d) composite?
True
Let g be 7/2 + (-11)/(-22). Suppose q - 89 = -0*q - s, 0 = -g*q + 2*s + 356. Is q a composite number?
False
Suppose -4*g + 2*k = 7234 - 38250, -4*g + 31004 = 4*k. Is g a prime number?
True
Suppose 0 = 4*s - 5*h - 35, -3*h - 19 = -s - s. Suppose 3*n - 26 = -20.